ctor of d and 22?
11
Suppose -3*a + 3*m - 2 = -11, -a + 6 = 2*m. Suppose 2*x - 46 = -a*j, 7*j + 35 = 12*j - 5*x. Calculate the greatest common divisor of j and 80.
10
Let u be (2/(-3))/((-2)/36). Suppose 22*j - 314*j - 175*j = -44832. Calculate the greatest common factor of j and u.
12
Suppose 1656 = 12*k - 36*k + 48*k. Calculate the greatest common factor of k and 920.
23
Suppose -6*g = -a - 3*g + 120, -136 = -a - g. What is the highest common divisor of a and 33?
33
Let c(o) = -o**3 - 5*o**2 + 8. Let b be c(-2). Let y be (10 - 52)/(6/b). What is the highest common factor of y and 532?
28
Let p = 7 - 70. Let c be 12/7*(-490)/(-105). Let d be (c - 1)/((-7)/p). Calculate the highest common divisor of d and 9.
9
Let u = 554 + -518. Let r be (-9)/(36/8) - -14. Calculate the greatest common divisor of r and u.
12
Let p = -306 - -327. Suppose r - 273 = -2*v + 46, -3*r + 3*v = -984. Suppose r = 4*l - 347. What is the greatest common divisor of l and p?
21
Let z be -2*(3/(-4))/(3707/(-618) + 6). Calculate the highest common divisor of 18 and z.
9
Let r(p) = -p**2 - 16*p + 18. Suppose 0 = 31*m - 22*m - 9. Let g be r(m). What is the highest common factor of 67 and g?
1
Suppose 5*k + 373 = 4*p, 10*p + k + 3*k - 916 = 0. Calculate the greatest common divisor of p and 2461.
23
Suppose 1592 = 4*q - 616. Calculate the highest common divisor of q and 759.
69
Let x be 16/184 + 28962/207. What is the greatest common factor of 3668 and x?
28
Suppose 17*j - 2540 = 1200. Suppose -4*m + 9*m = 4*n + 275, -4*m = 3*n - j. Calculate the greatest common divisor of m and 44.
11
Suppose 338 = -8*j - 22. Let d be 6/j - (-24004)/255. Calculate the greatest common factor of 1 and d.
1
Let w be (-1 - 8)/((-15)/20). Suppose v + 3 = -0*v. Let a(u) = -18*u - 6. Let q be a(v). What is the greatest common factor of q and w?
12
Let o be (48/9)/(1/9). Let p = -5299 - -5971. What is the highest common factor of o and p?
48
Let u = 383 + -198. Suppose u*w = 152*w + 429. Let j(x) = x + 1. Let l be j(0). What is the highest common factor of w and l?
1
Let r(f) = -f**2 - 24*f - 36. Let w be r(-18). Suppose 2*n = -p + w, -n + 342 = 5*p - 0*n. What is the highest common factor of p and 340?
68
Let k = -12782 - -14591. What is the highest common factor of k and 2010?
201
Let q = -16 - -11. Let p = -1 - q. Suppose 4*v - 91 = -3*a, -p*v + 11 = -5. What is the highest common factor of a and 150?
25
Suppose 4*p - 79 = 5*c, -5*p + 63 = -2*c - 23. What is the greatest common factor of p and 104?
8
Let v(t) = 34*t + 512. Let x be v(-14). What is the greatest common divisor of 84 and x?
12
Suppose -2*c - 26 = 2*b + 3*b, 0 = -3*c + 2*b - 1. Let o be (-1)/(104/(-34) - c). What is the greatest common divisor of o and 204?
17
Let r be 71/3 + 2 + (-3)/(-9). Suppose -2*q + 4*l - 146 = -844, q - 347 = 4*l. Calculate the highest common divisor of q and r.
13
Let v be 2 + ((165/10)/33)/(1/12). What is the greatest common divisor of v and 188?
4
Suppose -181 = 10*v + 319. Let j be 4/(-2) + (5 - -1 - v). What is the highest common divisor of 6 and j?
6
Let a be ((-38)/76)/(1/(-240)). Let v = 222 - 62. Calculate the highest common divisor of v and a.
40
Let f(y) = 220*y**3 + 7*y**2 + 2*y - 14. Let k be f(2). Calculate the greatest common factor of 42 and k.
14
Suppose -6 = 2*l - k, -k + 3 = 5*l + 11. Let p(c) = -3*c**3 + c**2 + 10*c + 12. Let w be p(l). What is the highest common divisor of 1180 and w?
20
Suppose -366 = 3*v + x - 490, 4*v - 176 = 4*x. Suppose 20 = -4*c - c, -3*a = c + 10. Let u be -1 + a + 1*339. What is the highest common divisor of u and v?
42
Let v be 13/(273/(-357)) - -1004. Suppose 2*g = 47 - 5. What is the greatest common factor of g and v?
21
Suppose -5*t = 11*t - 5632. Suppose 11*n = 5*n + 192. What is the greatest common divisor of n and t?
32
Let s be (-43 + 0)*-6 - 2. Suppose -r - 151 = 4*k, 882 = -4*r - 5*k + s. Let v = r + 225. Calculate the greatest common factor of 6 and v.
6
Let s = 20031 - 18473. What is the greatest common factor of s and 266?
38
Let d be 2*6/(72/(-30)). Let u be (118/4 + d)*10. Calculate the greatest common divisor of 35 and u.
35
Let x be 7 - (-22 + -26)*(-177)/(-9). Calculate the greatest common factor of 3 and x.
3
Suppose -x + 409 = 2*l - 2*x, 3*x = -9. Let k be (-5 - 63/(-14))*-58. What is the greatest common factor of l and k?
29
Let r be 1/(1 + (-95)/100). Let s(n) = 2*n**2 - 41*n + 50. Let k be s(r). Calculate the greatest common factor of 195 and k.
15
Let f(p) = 459*p - 3786. Let m be f(26). What is the greatest common factor of m and 84?
84
Let j = 47 - 34. Let l(h) = h**3 + 5*h**2 + h + 12. Let a be l(-5). Suppose 3*t - a*t = -52. Calculate the highest common factor of t and j.
13
Suppose -493*k - 6220 = -497*k + 4*p, k - 1556 = 2*p. Calculate the highest common divisor of k and 148.
74
Let f(m) = 75*m + 215 - 30*m - 29*m - 18*m - 31*m. Let y be f(-26). What is the greatest common divisor of y and 29?
29
Let o = 110 + -113. Let m(p) = -p**2 + 5. Let v be m(-2). Let z be (11 - 13)/(v/o). Calculate the greatest common divisor of 4 and z.
2
Let v be (8823/346)/(2/4). Let x be 112/12 + 2/(-6). What is the highest common factor of x and v?
3
Suppose v - 5*p = -10*p + 151, 4*v = 5*p + 479. Let r be ((-5)/(-10)*-6)/((45/2)/(-15)). Let m = v + r. What is the highest common divisor of 8 and m?
8
Suppose 0 = 2*c + 2*c - 120. Suppose -2*k + c = k. Let x = -29230 + 29340. Calculate the greatest common factor of x and k.
10
Let x be (-2)/(-14) - 272/(-56). Suppose -n = -x*a - 136, -2*n = 4*a - 310 + 80. What is the greatest common divisor of 33 and n?
11
Suppose 0 = -5*i - 4*d - 0*d + 61, -44 = -4*i - 2*d. Suppose 61*b + 305 = 66*b. Let l = b - -11. Calculate the greatest common factor of l and i.
9
Let c(f) = 3*f**2 + 7*f - 1. Let w be c(-3). Suppose 0 = 3*j + w*k - 13, -4*k - 2 = -2*k. What is the greatest common divisor of 6 and j?
6
Suppose 2 = -z - 0. Suppose -1820*m + 1815*m - 300 = 0. Let n be z*(m/8 + 4). What is the greatest common divisor of n and 1?
1
Let n be -170*((-22)/275 - (-14531)/(-550)). What is the greatest common divisor of n and 255?
85
Let v = -167 + 176. Suppose -v*o + 24 = -7*o. Calculate the highest common divisor of o and 48.
12
Let h = -141 - -158. Suppose 7*p + 80 = 2*p. Let s = h + p. Calculate the highest common factor of s and 4.
1
Let v(x) = -x**3 - 23*x**2 + 22*x + 523. Let h be v(-23). What is the highest common divisor of 16 and h?
1
Suppose 2*q - 12741 = -29*q. What is the greatest common factor of 6 and q?
3
Suppose -w - q + 38 = -3*q, -w + 44 = -5*q. Suppose -4*n + 2*i = -w, 5 = i + 4*i. Calculate the highest common divisor of n and 45.
9
Suppose 8*r = 10*r - 226. Let x = 211 - r. Calculate the greatest common divisor of 14 and x.
14
Let v = -161 - -374. Suppose -v + 588 = 5*i. What is the greatest common divisor of i and 375?
75
Let g be 4/32 + (-4)/32 + 248. Calculate the highest common divisor of 64 and g.
8
Let t(b) = -47*b - 3. Let l be t(-2). Suppose -12*i = 55 - 7. Let h be i + 20 + (-12)/3 + 1. Calculate the highest common factor of l and h.
13
Let a(s) = -44*s**2 + 8*s + 63. Let h be a(0). What is the greatest common divisor of 8253 and h?
63
Let n(z) = -2*z**3 - 28*z**2 - 28*z - 70. Let p be n(-23). Calculate the greatest common divisor of p and 16.
16
Let b be (-1)/(-2) + (-241)/(-2). Suppose 2*m = -3*y + 46, 91 = 48*m - 39*m - y. Calculate the greatest common factor of m and b.
11
Let z(y) = y - 5. Let b be z(7). Let i = 311 + -314. Let a be (32/(-6) + 2)*i. What is the greatest common divisor of b and a?
2
Let g = -194 - -172. Let b(f) = -f**3 + 8*f**2 - 5*f + 9. Let n be b(8). Let x = g - n. Calculate the greatest common divisor of x and 18.
9
Suppose -2*k + 0 = 2*x - 80, 2*x - 119 = -3*k. Calculate the highest common divisor of k and 3653.
13
Let c(n) = 8*n**2 - 379*n + 151. Let z be c(47). Suppose p = 3, 0 = 4*m + 2*p - p - 315. Let x = m - 28. What is the highest common divisor of z and x?
10
Let s = 7 - 3. Suppose -4*b - 8 = 0, -5 = 5*c - s*b - 33. Suppose 0*o + 3 = 3*o, -c*r + 35 = -o. Calculate the highest common factor of r and 3.
3
Let b(w) = -5*w - 44. Let h = 54 - 52. Let o be 87*h/(-14) + 15/35. Let z be b(o). Calculate the greatest common factor of z and 4.
4
Suppose -532 = -5*w + 73. Supp